 divide 3074?
False
Is 5719 a multiple of 43?
True
Does 58 divide 5488?
False
Is 5 a factor of 303?
False
Does 10 divide 16160?
True
Does 33 divide 1617?
True
Is 2030 a multiple of 41?
False
Is 26 a multiple of 7?
False
Is 312 a factor of 111072?
True
Is 3 a factor of 13613?
False
Is 15 a factor of 3066?
False
Is 20289 a multiple of 9?
False
Does 3 divide 179?
False
Does 2 divide 194?
True
Does 12 divide 72864?
True
Does 149 divide 37250?
True
Is 3 a factor of 169?
False
Is 232 a multiple of 8?
True
Is 880 a multiple of 8?
True
Is 14051 a multiple of 3?
False
Does 8 divide 6072?
True
Is 3202 a multiple of 13?
False
Does 63 divide 6593?
False
Does 180 divide 16947?
False
Does 7 divide 434?
True
Is 168 a factor of 7464?
False
Does 84 divide 712?
False
Is 100 a factor of 2000?
True
Is 114350 a multiple of 10?
True
Is 2428 a multiple of 11?
False
Is 415 a multiple of 14?
False
Is 15 a factor of 5130?
True
Is 6249 a multiple of 51?
False
Is 6 a factor of 241?
False
Is 139 a factor of 38975?
False
Is 2 a factor of 18?
True
Is 525 a multiple of 21?
True
Does 5 divide 24655?
True
Is 66 a factor of 7156?
False
Is 32824 a multiple of 8?
True
Is 12387 a multiple of 18?
False
Is 6 a factor of 4718?
False
Does 4 divide 2353?
False
Is 32829 a multiple of 11?
False
Is 62 a factor of 14525?
False
Is 14 a factor of 155?
False
Is 32 a factor of 736?
True
Is 15 a factor of 735?
True
Is 2618 a multiple of 2?
True
Is 9375 a multiple of 125?
True
Is 3 a factor of 2554?
False
Is 13 a factor of 507?
True
Does 52 divide 3826?
False
Is 119 a factor of 2877?
False
Is 35 a factor of 6242?
False
Does 15 divide 499?
False
Does 8 divide 1296?
True
Is 42 a factor of 924?
True
Is 5 a factor of 39?
False
Is 3000 a multiple of 18?
False
Does 11 divide 1727?
True
Does 17 divide 5270?
True
Does 29 divide 609?
True
Does 64 divide 44520?
False
Is 21 a factor of 2394?
True
Is 10773 a multiple of 34?
False
Is 5742 a multiple of 29?
True
Is 442 a multiple of 4?
False
Is 9955 a multiple of 94?
False
Is 62092 a multiple of 19?
True
Is 7918 a multiple of 62?
False
Does 25 divide 7325?
True
Is 125 a factor of 9722?
False
Does 3 divide 5116?
False
Is 1106 a multiple of 20?
False
Is 2244 a multiple of 11?
True
Is 2 a factor of 343?
False
Does 14 divide 4720?
False
Does 37 divide 444?
True
Is 29 a factor of 145?
True
Is 653 a multiple of 35?
False
Is 53821 a multiple of 22?
False
Does 4 divide 130?
False
Is 230 a factor of 5571?
False
Is 6 a factor of 887?
False
Is 123 a factor of 22917?
False
Is 31 a factor of 3720?
True
Does 38 divide 1274?
False
Does 6 divide 372?
True
Is 840 a multiple of 35?
True
Does 28 divide 59388?
True
Is 6016 a multiple of 8?
True
Is 29 a factor of 638?
True
Is 20 a factor of 6660?
True
Is 1008 a multiple of 36?
True
Is 2711 a multiple of 116?
False
Is 593 a multiple of 19?
False
Does 38 divide 17024?
True
Does 5 divide 190?
True
Is 1020 a multiple of 5?
True
Is 26 a factor of 208?
True
Is 21172 a multiple of 148?
False
Is 4704 a multiple of 21?
True
Is 61 a factor of 1683?
False
Is 90 a multiple of 90?
True
Is 5492 a multiple of 116?
False
Does 14 divide 1428?
True
Does 6 divide 150?
True
Does 138 divide 31740?
True
Is 3577 a multiple of 30?
False
Does 259 divide 41958?
True
Is 621 a multiple of 6?
False
Is 473 a multiple of 11?
True
Is 198 a multiple of 33?
True
Does 44 divide 121868?
False
Is 8361 a multiple of 3?
True
Does 58 divide 1276?
True
Does 10 divide 8500?
True
Is 4 a factor of 290?
False
Is 947 a multiple of 15?
False
Is 3 a factor of 111?
True
Is 5 a factor of 1725?
True
Is 4957 a multiple of 53?
False
Is 1237 a multiple of 52?
False
Does 63 divide 11214?
True
Is 726 a multiple of 3?
True
Is 40 a factor of 2299?
False
Is 61 a factor of 366?
True
Is 4853 a multiple of 24?
False
Does 3 divide 131?
False
Does 13 divide 15626?
True
Is 18 a factor of 5717?
False
Is 68 a factor of 1097?
False
Does 187 divide 640?
False
Is 73554 a multiple of 46?
True
Is 1573 a multiple of 3?
False
Is 1311 a multiple of 19?
True
Is 1072 a multiple of 24?
False
Does 49 divide 178359?
False
Is 6 a factor of 300?
True
Is 12 a factor of 17328?
True
Is 111 a factor of 1887?
True
Does 31 divide 15128?
True
Is 58 a factor of 1334?
True
Is 1688 a multiple of 4?
True
Is 5 a factor of 2570?
True
Is 3100 a multiple of 50?
True
Is 30 a factor of 22350?
True
Is 100 a factor of 2110?
False
Is 694 a multiple of 11?
False
Is 7100 a multiple of 4?
True
Is 25 a factor of 24550?
True
Is 42 a factor of 630?
True
Is 4 a factor of 480?
True
Is 8 a factor of 640?
True
Does 195 divide 13600?
False
Is 5 a factor of 544?
False
Does 11 divide 3547?
False
Does 8 divide 31453?
False
Is 33 a factor of 9834?
True
Is 23 a factor of 7383?
True
Is 58 a factor of 12470?
True
Is 6247 a multiple of 35?
False
Is 40 a factor of 760?
True
Is 6257 a multiple of 33?
False
Is 3541 a multiple of 15?
False
Does 5 divide 10627?
False
Does 12 divide 321?
False
Does 4 divide 188?
True
Is 72615 a multiple of 29?
False
Is 425 a factor of 97750?
True
Is 18 a factor of 33255?
False
Is 21 a factor of 5250?
True
Is 25 a factor of 2425?
True
Does 8 divide 1120?
True
Does 104 divide 9990?
False
Is 9 a factor of 707?
False
Is 6930 a multiple of 330?
True
Is 55 a factor of 33326?
False
Is 38062 a multiple of 7?
False
Is 47 a factor of 10119?
False
Is 2146 even?
True
Does 17 divide 1530?
True
Does 80 divide 1760?
True
Is 100 a multiple of 10?
True
Does 29 divide 22157?
False
Is 3146 a multiple of 95?
False
Is 2 a factor of 867?
False
Is 33 a factor of 19421?
False
Is 912 a multiple of 15?
False
Does 112 divide 14560?
True
Does 22 divide 836?
True
Is 14 a factor of 3002?
False
Does 17 divide 1377?
True
Is 20 a factor of 877?
False
Is 28796 a multiple of 56?
False
Does 6 divide 26208?
True
Is 90 a factor of 5854?
False
Is 16587 a multiple of 69?
False
Does 5 divide 75?
True
Is 6 a factor of 7160?
False
Is 674 a multiple of 11?
False
Is 279 a multiple of 68?
False
Does 148 divide 7937?
False
Is 15 a factor of 150?
True
Is 37529 a multiple of 18?
False
Is 27740 a multiple of 38?
True
Does 10 divide 110?
True
Is 230 a multiple of 10?
True
Does 15 divide 420?
True
Is 24 a factor of 593?
False
Is 77 a factor of 1136?
False
Does 80 divide 13640?
False
Does 2 divide 55?
False
Does 4 divide 1466?
False
Is 94 a factor of 129247?
False
Is 29050 a multiple of 70?
True
Is 99648 a multiple of 12?
True
Is 5616 a multiple of 36?
True
Is 342 a multiple of 38?
True
Does 28 divide 1579?
False
Is 26 a factor of 27456?
True
Does 48 divide 3867?
False
Does 9 divide 1520?
False
Is 11 a factor of 61193?
True
Does 86 divide 779?
False
Is 5 a factor of 85?
True
Does 141 divide 564?
True
Is 73 a factor of 1093?
False
Is 3529 a multiple of 102?
False
Does 73 divide 6862?
True
Is 1539 a multiple of 57?
True
Does 8 divide 1311?
False
Is 21459 a multiple of 69?
True
Is 500 a multiple of 5?
True
Is 28 a factor of 7784?
True
Is 137 a factor of 42179?
False
Is 36 a factor of 14790?
False
Is 636 a multiple of 28?
False
Does 16 divide 1632?
True
Is 62 a factor of 1116?
True
Does 61 divide 82523?
False
Is 250 a multiple of 18?
False
Does 6 divide 1050?
True
Is 9 a factor of 1152?
True
Is 42 a factor of 3234?
True
Is 1533 a multiple of 16?
False
Is 154 a multiple of 14?
True
Is 209 a multiple of 11?
True
Does 92 divide 15465?
False
Is 131 a multiple of 17?
False
Does 67 divide 1675?
True
Is 152 a factor of 608?
True
Does 33 divide 4488?
True
Is 430 a multiple of 22?
False
Is 6 a factor of 12702?
True
Is 1971 a multiple of 27?
True
Is 31936 a multiple of 320?
False
Is 18144 a multiple of 96?
True
Does 463 divide 88896?
True
Is 121 a factor of 14399?
True
Does 55 divide 1265?
True
Is 325 a multiple of 11?
False
Is 136 a factor of 50361?
False
Does 20 divide 309?
False
Does 19 divide 131?
False
Is 36 a factor of 48028?
False
Is 814 a multiple of 37?
True
Is 6625 a multiple of 64?
False
Is 45 a factor of 728?
False
Is 294 a factor of 1310?
False
Is 47 a factor of 14079?
False
Is 40089 a multiple of 14?
False
Is 21 a factor of 390?
False
Is 23 a multiple of 23?
True
Is 86634 a multiple of 18?
True
Is 10 a factor of 1190?
True
Does 10 divide 190?
True
Is 17205 a multiple of 37?
True
Is 45 a factor of 11797?
False
Does 11 divide 3885?
False
Does 11 divide 8151?
True
Is 347